
What is the hundred millions digit of 8693085481?
6
What is the units digit of 2769263940?
0
What is the ten thousands digit of 60698987?
9
What is the tens digit of 38525169?
6
What is the tens digit of 42555073?
7
What is the ten thousands digit of 1368474291?
7
What is the millions digit of 84026863?
4
What is the units digit of 10975485?
5
What is the thousands digit of 50028323?
8
What is the ten thousands digit of 37194306?
9
What is the units digit of 883769173?
3
What is the ten millions digit of 195366915?
9
What is the hundreds digit of 1074480462?
4
What is the hundred millions digit of 748162077?
7
What is the units digit of 597643585?
5
What is the hundred thousands digit of 781196415?
1
What is the millions digit of 18571791?
8
What is the millions digit of 1401155777?
1
What is the ten thousands digit of 27102215?
0
What is the hundreds digit of 64567955?
9
What is the hundreds digit of 769843055?
0
What is the hundred millions digit of 101247966?
1
What is the hundreds digit of 198970532?
5
What is the units digit of 337687215?
5
What is the millions digit of 5309435889?
9
What is the billions digit of 3534286841?
3
What is the ten thousands digit of 25504640?
0
What is the units digit of 195416706?
6
What is the tens digit of 125916024?
2
What is the tens digit of 721990264?
6
What is the thousands digit of 2248589?
8
What is the tens digit of 1221338657?
5
What is the hundred thousands digit of 2932506197?
5
What is the units digit of 542921736?
6
What is the hundreds digit of 284168989?
9
What is the tens digit of 73342766?
6
What is the billions digit of 2478334054?
2
What is the thousands digit of 5860977601?
7
What is the units digit of 99598173?
3
What is the tens digit of 375677489?
8
What is the hundreds digit of 2108708118?
1
What is the ten thousands digit of 21640165?
4
What is the units digit of 1830803023?
3
What is the hundred thousands digit of 355795421?
7
What is the hundreds digit of 529542345?
3
What is the units digit of 8891204?
4
What is the units digit of 78762043?
3
What is the ten millions digit of 1717536876?
1
What is the ten thousands digit of 892207260?
0
What is the hundred millions digit of 144111544?
1
What is the ten millions digit of 112152124?
1
What is the ten thousands digit of 4601892724?
9
What is the tens digit of 35137919?
1
What is the ten thousands digit of 176664546?
6
What is the ten thousands digit of 222386190?
8
What is the thousands digit of 4920973?
0
What is the hundred thousands digit of 94029812?
0
What is the millions digit of 178542720?
8
What is the ten millions digit of 2086428689?
8
What is the hundreds digit of 604901365?
3
What is the hundred thousands digit of 674200453?
2
What is the hundred millions digit of 2815379708?
8
What is the units digit of 3115959667?
7
What is the millions digit of 49546267?
9
What is the units digit of 2225532934?
4
What is the tens digit of 235951236?
3
What is the ten thousands digit of 60428926?
2
What is the ten thousands digit of 87428809?
2
What is the ten thousands digit of 1122266338?
6
What is the ten millions digit of 63990600?
6
What is the thousands digit of 295280955?
0
What is the millions digit of 692491817?
2
What is the millions digit of 11430211?
1
What is the tens digit of 69848217?
1
What is the tens digit of 17978130?
3
What is the hundred thousands digit of 12224766?
2
What is the ten thousands digit of 44786087?
8
What is the ten thousands digit of 1311882500?
8
What is the hundred thousands digit of 41477718?
4
What is the millions digit of 98301895?
8
What is the units digit of 179151009?
9
What is the hundred millions digit of 2186845133?
1
What is the millions digit of 1305072933?
5
What is the hundreds digit of 214749131?
1
What is the hundred millions digit of 1863034121?
8
What is the thousands digit of 416583444?
3
What is the tens digit of 4636861021?
2
What is the tens digit of 763754384?
8
What is the tens digit of 4633011807?
0
What is the hundred thousands digit of 93096193?
0
What is the thousands digit of 59806041?
6
What is the hundred thousands digit of 2975631763?
6
What is the units digit of 224424752?
2
What is the thousands digit of 2739974974?
4
What is the hundred thousands digit of 369458935?
4
What is the ten millions digit of 2084185100?
8
What is the tens digit of 294800960?
6
What is the thousands digit of 140800640?
0
What is the hundred thousands digit of 740116890?
1
What is the thousands digit of 522916023?
6
What is the tens digit of 1070737706?
0
What is the ten millions digit of 1058591663?
5
What is the thousands digit of 2623539153?
9
What is the ten millions digit of 46608192?
4
What is the tens digit of 112679366?
6
What is the thousands digit of 474155924?
5
What is the ten thousands digit of 41557915?
5
What is the hundreds digit of 250364018?
0
What is the hundreds digit of 95531593?
5
What is the thousands digit of 67437436?
7
What is the hundred thousands digit of 79829519?
8
What is the millions digit of 186291187?
6
What is the hundreds digit of 218671757?
7
What is the ten thousands digit of 3838736482?
3
What is the ten thousands digit of 50597086?
9
What is the millions digit of 594169498?
4
What is the units digit of 54098793?
3
What is the thousands digit of 160870820?
0
What is the billions digit of 3675446172?
3
What is the tens digit of 22669325?
2
What is the units digit of 515250078?
8
What is the hundred thousands digit of 573076777?
0
What is the tens digit of 11675377?
7
What is the hundred millions digit of 2418705664?
4
What is the units digit of 164404027?
7
What is the hundreds digit of 227514633?
6
What is the ten thousands digit of 345785222?
8
What is the hundred thousands digit of 643063821?
0
What is the thousands digit of 4707674399?
4
What is the thousands digit of 394754992?
4
What is the hundred thousands digit of 788167058?
1
What is the ten thousands digit of 2007389538?
8
What is the units digit of 938601992?
2
What is the ten millions digit of 69760289?
6
What is the ten millions digit of 57413954?
5
What is the ten thousands digit of 114032948?
3
What is the ten thousands digit of 675425399?
2
What is the tens digit of 326072021?
2
What is the hundred thousands digit of 70155306?
1
What is the millions digit of 20660512?
0
What is the millions digit of 5038976214?
8
What is the hundred thousands digit of 122366259?
3
What is the hundreds digit of 190808450?
4
What is the thousands digit of 2851114188?
4
What is the ten millions digit of 387879843?
8
What is the ten millions digit of 65209159?
6
What is the ten thousands digit of 530534557?
3
What is the hundred millions digit of 1268081945?
2
What is the tens digit of 581996550?
5
What is the thousands digit of 46358235?
8
What is the millions digit of 352513978?
2
What is the thousands digit of 720445943?
5
What is the hundred thousands digit of 125950934?
9
What is the hundred millions digit of 7186260591?
1
What is the hundred thousands digit of 6052545968?
5
What is the ten thousands digit of 59281946?
8
What is the thousands digit of 4053876?
3
What is the ten millions digit of 1871869889?
7
What is the hundreds digit of 148801848?
8
What is the hundred thousands digit of 427720592?
7
What is the ten thousands digit of 117228169?
2
What is the ten thousands digit of 67266990?
6
What is the ten millions digit of 259661414?
5
What is the thousands digit of 1176705176?
5
What is the ten millions digit of 25681199?
2
What is the millions digit of 7425537?
7
What is the ten thousands digit of 7568259?
6
What is the hundred millions digit of 3175210994?
1
What is the hundreds digit of 808202166?
1
What is the ten thousands digit of 22637352?
3
What is the units digit of 122346968?
8
What is the thousands digit of 223407581?
7
What is the millions digit of 3298761301?
8
What is the hundreds digit of 212338077?
0
What is the millions digit of 486045630?
6
What is the tens digit of 1294920040?
4
What is the tens digit of 8059764787?
8
What is the ten thousands digit of 747143730?
4
What is the ten millions digit of 77410486?
7
What is the millions digit of 259117030?
9
What is the tens digit of 40794019?
1
What is the units digit of 437856886?
6
What is the ten millions digit of 10052971